9
Let l(i) = -2*i**3 - 8*i**2 + 6*i + 9. Let v be l(-6). Suppose 7*r + 3 = 3. Let z be 13 + (4/2 - (r - -2)). Calculate the highest common factor of v and z.
13
Let i(s) = -s**2. Let q be i(6). Let u = q + 80. Let o = -28 + u. What is the highest common factor of 144 and o?
16
Let s be (-4)/6 + (-22)/(-6) - -122. Let u = 82 + -57. Calculate the highest common divisor of u and s.
25
Let i(v) = 42*v**3 + v**2 - 3*v + 2. Let f be i(1). Calculate the greatest common divisor of 966 and f.
42
Let f(i) = i**2 - i - 4. Let x be f(-7). Suppose 0 = 2*q - 6, 11 + x = 4*c - 3*q. Let y be 922/18 - 4/c. What is the highest common factor of y and 17?
17
Suppose -2*p = 2*p + 16. Let a(g) = -9*g - 26. Let q be a(p). What is the highest common factor of 110 and q?
10
Let j(n) = -n**3 + 10*n**2 + 2*n - 15. Let w be j(10). Let f be (-2 + 18/w)*5. Let t be 462/f + (-6)/(-24). Calculate the greatest common divisor of 87 and t.
29
Let s = -2119 - -2983. What is the greatest common factor of 16 and s?
16
Suppose -5*t + 2*f - 439 + 1954 = 0, 3*t - 4*f - 895 = 0. What is the highest common divisor of t and 10?
5
Let p = 4 + 5. Let o(s) = -s**3 + 8*s**2 + 8*s + 11. Let v be o(p). Let t(d) = -d**2 + 7*d + 6. Let u be t(5). What is the highest common factor of v and u?
2
Let o(d) = -393*d - 8. Let q be o(-1). Calculate the highest common factor of q and 35.
35
Suppose 27*m - 2263 - 1058 = 0. Calculate the highest common divisor of m and 1599.
123
Suppose 2*w + 15 = 47. What is the greatest common factor of w and 112?
16
Let q be 23/1 + (70 - 67). Suppose -2 = -m + 11. What is the greatest common factor of q and m?
13
Let x be (-6110)/(-40) - 15/(-12). What is the highest common factor of 28 and x?
14
Let l = 306 + -295. Calculate the greatest common divisor of l and 6.
1
Let i = -319 + 343. Calculate the greatest common factor of 12 and i.
12
Let l(o) = -o**3 - 64*o**2 - 127*o - 159. Let q be l(-62). Calculate the greatest common divisor of 39 and q.
3
Let v(c) = 2*c**2 + 3. Let z be v(-2). Suppose z*f = 3*f + 832. What is the highest common divisor of 13 and f?
13
Let v be (-2)/4 + 2316/8. Let j = v + -184. Calculate the greatest common factor of j and 42.
21
Suppose -40 = -0*y - y - 5*g, y + 2*g - 43 = 0. Let j = y - 23. Suppose 0*v + 4*v + 2*x = 224, 5*v - 265 = 5*x. What is the greatest common factor of v and j?
11
Let w(k) = 4*k**2 - 48*k - 119. Let i be w(23). Calculate the greatest common factor of 95 and i.
19
Suppose 5*k = 3*t - 93, 5*k - 6*k = 0. Let o(n) = -n + 93. Let q be o(0). What is the highest common divisor of q and t?
31
Let w(t) = 2*t. Let z be w(1). Let x = 499 + -489. Calculate the highest common factor of z and x.
2
Let c = 25 - 14. Let u(v) = -v**2 + 4*v + 2. Let p be u(5). Let o be (-6)/6*p - -118. Calculate the highest common divisor of o and c.
11
Let l = 6 - -4. Let f(i) = i**3 - 10*i**2 + 25*i - 8. Let u be f(7). Calculate the greatest common divisor of u and l.
10
Let x = -15 + -61. Let m = -48 - x. Calculate the greatest common divisor of m and 84.
28
Let p(i) = i**3 + 5*i**2 - 9*i - 6. Let u be p(-6). Suppose 5*o - 3*x - 134 - 121 = 0, -5*x - 217 = -4*o. Calculate the greatest common divisor of o and u.
12
Let g = 63 - 45. Suppose -3*i + g - 12 = 0. Calculate the greatest common divisor of 6 and i.
2
Suppose -627 - 108 = -21*b. Calculate the greatest common factor of 4445 and b.
35
Suppose 18*w - 18 = 18. Suppose o - w*l + 1 = 4, 4*l = -2*o + 14. Calculate the greatest common factor of 85 and o.
5
Suppose -14*o - 5852 = -33*o. Calculate the greatest common factor of o and 21.
7
Suppose -5*q + 204 = q. What is the greatest common factor of 306 and q?
34
Let y = 357 - 237. Calculate the highest common factor of 15 and y.
15
Let a = -265 + 266. Let b be (5/(5/(-14)))/(-2). Calculate the highest common factor of b and a.
1
Suppose 90*m - 102*m + 1344 = 0. What is the highest common factor of m and 64?
16
Suppose -7 + 6 = u, -4*d + 2*u = -1562. What is the greatest common divisor of 156 and d?
78
Let k be (-18 + 0)*(-51)/9. Suppose 3*h + 6*v - 3*v = k, -2*h + 2*v = -64. Let o = 6 - -5. What is the highest common divisor of o and h?
11
Let t = 8 + -8. Suppose 4*x + s = 6*x - 58, -3*s - 12 = t. What is the highest common divisor of 3 and x?
3
Let p = 50 - 48. Suppose -o + 247 = p*o + 4*b, -4*o + 300 = -2*b. What is the highest common factor of 11 and o?
11
Let p = 567 + -422. What is the greatest common factor of p and 5?
5
Suppose -4*p = 5*j - 1163, 25*j - 22*j - 4*p = 685. Let f = -1 + 22. Calculate the highest common factor of j and f.
21
Let o(j) = j**2 + 2*j - 36. Let f be o(-6). Let a be (3/f)/((20/(-176))/5). What is the highest common factor of 44 and a?
11
Suppose -26*a = -16*a - 190. Calculate the highest common factor of a and 247.
19
Let u(r) = -6*r + 26. Let z be u(3). Calculate the greatest common factor of z and 56.
8
Suppose -3*c + 162 = 2*c + 4*z, 5*z - 92 = -3*c. Suppose -d + 84 = -0*d. Let n be d + (2 - (3 + -2)). Calculate the highest common factor of n and c.
17
Let n(p) = 17*p + 3. Let b be n(2). What is the greatest common divisor of b and 148?
37
Suppose 1786 - 5066 = -5*z + v, -2*z + 1312 = 5*v. What is the greatest common factor of z and 64?
16
Let u(v) = -v**2 - 11*v - 9. Let x be u(-10). Let t be -36*(4 - x)/(-6). Calculate the greatest common factor of 54 and t.
18
Let u be (48/15)/(12/30). Let t(n) = -2*n. Let f be t(-6). Calculate the highest common factor of f and u.
4
Let a(f) = -47*f + 150. Let q be a(3). Let m = 250 + -169. Calculate the highest common divisor of q and m.
9
Suppose -2*p = -u + 106, 3*p + 360 = 4*u - 79. Suppose 6*v = -v + u. What is the greatest common factor of v and 2?
2
Let h = 301 - 274. Suppose -p = p - 6. What is the highest common divisor of h and p?
3
Let w(k) be the third derivative of -k**4/6 + 39*k**3/2 - 25*k**2. Let c be w(0). What is the highest common divisor of 9 and c?
9
Let m be (-1 + (-4)/(-1))*-13. Let l = 67 + m. Suppose -198 = -5*f + 152. Calculate the greatest common divisor of l and f.
14
Let z(q) = 8*q**2 + 35*q - 23. Let n be z(-7). What is the highest common factor of n and 8?
4
Suppose 5*w - 4*w - 2*a + 4 = 0, -2*w - 3*a + 13 = 0. Suppose -r + 4*x + 17 = 0, -r - 10 = -w*r - 3*x. Calculate the greatest common factor of r and 13.
13
Let h be (1/2)/((-4)/(-544)). Let i = -300 - -304. What is the highest common divisor of i and h?
4
Let f be (-72)/(-32) + 2/(-8). Suppose -f*c + 45 = -57. Suppose c = -8*i + 651. Calculate the greatest common factor of i and 30.
15
Suppose 0 = 3*g + 5*y - 31, -y = 3*y - 20. Let f be (-8 - -6)*2/g. Let z be 1 - f - -7*1. What is the greatest common divisor of z and 10?
10
Suppose f - 90 - 148 = 0. Calculate the greatest common divisor of 68 and f.
34
Let w(s) = s**2 + 7*s - 8. Let b be w(-8). Suppose b*u - 8*u = -32. What is the greatest common factor of 6 and u?
2
Suppose 5*f - 3*i - i = 8, 0 = -2*f + 5*i - 7. Suppose -f*y + 51 = 5*w + 1, -3*y = 5*w - 50. Calculate the highest common divisor of 80 and w.
10
Let s = 0 + 90. Let t(b) = -b + 23. Let a be t(5). Calculate the greatest common divisor of a and s.
18
Let r = -2283 - -2371. What is the highest common divisor of 22 and r?
22
Let d = 1550 + -1515. What is the highest common divisor of 63 and d?
7
Let v be 576/26 + 22/(-143). Let m = 4 + 16. Suppose m = l - 13. Calculate the greatest common factor of v and l.
11
Let x(o) = -o**3 + 3*o**2 - 6. Let q be x(-2). Calculate the greatest common factor of 224 and q.
14
Let z = -257 + 293. Calculate the greatest common factor of z and 576.
36
Suppose 3*i - z = 4*z + 331, 2*i - 184 = -4*z. Let o be (-241)/(-7) - (-30)/(-70). Calculate the highest common divisor of o and i.
34
Suppose -2*d + 3*d = -7. Let v(q) = -q**3 - 6*q**2 + 2*q - 14. Let r be v(d). What is the greatest common factor of 3 and r?
3
Let o = 377 + -161. Suppose 2*v = 4*v - o. Calculate the highest common divisor of v and 12.
12
Let q = -169 + 397. Calculate the greatest common factor of 12 and q.
12
Let v be (-3 + (-125)/(-20))*16. What is the greatest common divisor of 286 and v?
26
Let a be 25/5 - 0/(-2 - 0). Suppose 2*c + 1314 = a*r, -22 = -r + 4*c + 230. Calculate the highest common divisor of 33 and r.
33
Suppose 0*j = -8*j + 24. Suppose j*d = -5*a - 0*a + 313, 2*d = -5